 {"id":62,"date":"2022-12-22T18:15:29","date_gmt":"2022-12-22T18:15:29","guid":{"rendered":"https:\/\/blog.cecani.org\/?page_id=62"},"modified":"2022-12-22T18:31:35","modified_gmt":"2022-12-22T18:31:35","slug":"tramite-de-cluni","status":"publish","type":"page","link":"https:\/\/blog.cecani.org\/index.php\/servicios\/tramite-de-cluni\/","title":{"rendered":"Tr\u00e1mite de CLUNI"},"content":{"rendered":"\n<h4>\u00bfQu\u00e9 es la CLUNI y para que sirve?<\/h4>\n\n\n\n<p>La Clave \u00fanica de Inscripci\u00f3n (CLUNI) es un instrumento indispensable para que las organizaciones de la Sociedad puedan acceder a los apoyos y est\u00edmulos del Gobierno federal y facilitar el cumplimiento de sus actividades. Para tener derecho a participar en el dise\u00f1o de pol\u00edticas p\u00fablicas y acceder a los apoyos y est\u00edmulos que otorga la Administraci\u00f3n P\u00fablica Federal, necesitas la CLUNI ya que \u00e9sta brinda la posibilidad de acceder a los apoyos y est\u00edmulos que otorgue la Administraci\u00f3n P\u00fablica.<\/p>\n","protected":false},"excerpt":{"rendered":"<p>\u00bfQu\u00e9 es la CLUNI y para que sirve? La Clave \u00fanica de Inscripci\u00f3n (CLUNI) es un instrumento indispensable para que las organizaciones de la Sociedad puedan acceder a los apoyos y est\u00edmulos del Gobierno federal y facilitar el cumplimiento de sus actividades. Para tener derecho a participar en el dise\u00f1o de pol\u00edticas p\u00fablicas y acceder [&hellip;]<\/p>\n","protected":false},"author":1,"featured_media":63,"parent":57,"menu_order":0,"comment_status":"closed","ping_status":"closed","template":"","meta":[],"_links":{"self":[{"href":"https:\/\/blog.cecani.org\/index.php\/wp-json\/wp\/v2\/pages\/62"}],"collection":[{"href":"https:\/\/blog.cecani.org\/index.php\/wp-json\/wp\/v2\/pages"}],"about":[{"href":"https:\/\/blog.cecani.org\/index.php\/wp-json\/wp\/v2\/types\/page"}],"author":[{"embeddable":true,"href":"https:\/\/blog.cecani.org\/index.php\/wp-json\/wp\/v2\/users\/1"}],"replies":[{"embeddable":true,"href":"https:\/\/blog.cecani.org\/index.php\/wp-json\/wp\/v2\/comments?post=62"}],"version-history":[{"count":1,"href":"https:\/\/blog.cecani.org\/index.php\/wp-json\/wp\/v2\/pages\/62\/revisions"}],"predecessor-version":[{"id":64,"href":"https:\/\/blog.cecani.org\/index.php\/wp-json\/wp\/v2\/pages\/62\/revisions\/64"}],"up":[{"embeddable":true,"href":"https:\/\/blog.cecani.org\/index.php\/wp-json\/wp\/v2\/pages\/57"}],"wp:featuredmedia":[{"embeddable":true,"href":"https:\/\/blog.cecani.org\/index.php\/wp-json\/wp\/v2\/media\/63"}],"wp:attachment":[{"href":"https:\/\/blog.cecani.org\/index.php\/wp-json\/wp\/v2\/media?parent=62"}],"curies":[{"name":"wp","href":"https:\/\/api.w.org\/{rel}","templated":true}]}}